e 4
132020113312
Convert 111164 (base 12) to base 11.
175aa3
Convert -2d466b (base 14) to base 8.
-6034147
What is 8db395 (base 15) in base 4?
121311011321
Convert 6a1d2 (base 16) to base 10.
434642
-36aac (base 13) to base 2
-11000100101011001
What is -10100101001011001 (base 2) in base 8?
-245131
-3642403 (base 8) to base 15
-14b78c
Convert 2cefca (base 16) to base 5.
1223214340
275506 (base 8) to base 15
1db7e
Convert 70626 (base 13) to base 9.
335613
What is -10011010101000010010000 (base 2) in base 7?
-61032202
Convert -113335441 (base 6) to base 5.
-1021043420
-1000200110100 (base 3) to base 4
-2011002000
240043431 (base 6) to base 8
21067553
Convert 336737 (base 10) to base 3.
122002220202
What is 222330021 (base 4) in base 12?
85949
What is -5142153 (base 6) in base 10?
-246741
-3373e (base 16) to base 5
-23221000
-7505a6 (base 14) to base 12
-13aa5b2
Convert -21401 (base 7) to base 5.
-132332
Convert 4c70b (base 13) to base 14.
3996a
What is -122155 (base 10) in base 14?
-32735
Convert 20110201211211 (base 3) to base 6.
201414421
What is -102022122212 (base 3) in base 13?
-7a567
-5ab180 (base 12) to base 11
-915012
1179646 (base 11) to base 10
2047854
Convert 7122307 (base 9) to base 16.
39e42e
-258c9e (base 15) to base 9
-3345445
What is -405cb (base 14) in base 7?
-1213244
Convert 5287857 (base 9) to base 4.
22303302322
Convert 1266a9 (base 14) to base 2.
10011010011001111101
Convert -34b3 (base 12) to base 11.
-447a
Convert -216820 (base 15) to base 6.
-54035503
29b89 (base 14) to base 2
11001010101111101
Convert 1521414 (base 6) to base 13.
31387
167189 (base 10) to base 3
22111100012
Convert -3124432432 (base 5) to base 14.
-c0ab08
What is 51150 (base 13) in base 8?
433524
-110033202 (base 4) to base 13
-2b980
18482372 (base 10) to base 13
3aa171c
4171381 (base 10) to base 7
50312314
Convert 369865 (base 10) to base 5.
43313430
Convert 33472 (base 13) to base 3.
11201122001
What is -38318 (base 13) in base 15?
-20b42
-434441534 (base 6) to base 9
-15570314
Convert -1c9b4a (base 14) to base 13.
-29bb58
-2825207 (base 9) to base 4
-11322331102
-120211022120 (base 3) to base 15
-62479
Convert -1042d17 (base 14) to base 12.
-26aab61
What is 463a0 (base 15) in base 12?
a9473
3d1b4 (base 15) to base 7
1444564
What is -215277 (base 11) in base 13?
-c05b4
What is -112144330 (base 5) in base 10?
-506215
-144414 (base 9) to base 4
-111213202
Convert -958495 (base 11) to base 6.
-52513220
15c9 (base 14) to base 8
7475
b66b (base 16) to base 3
2101001121
-621252 (base 8) to base 5
-23033412
What is 111222003 (base 5) in base 7?
4116530
What is 25a60a (base 16) in base 10?
2467338
110210002220000 (base 3) to base 2
11001111010011000100101
-25865 (base 14) to base 9
-150434
56790 (base 12) to base 13
4055a
Convert -172255 (base 9) to base 12.
-51872
What is -7777731 (base 8) in base 13?
-5856c5
What is -2d7973 (base 15) in base 16?
-219c09
What is 3d8bb3 (base 15) in base 9?
5520386
Convert -61101 (base 16) to base 14.
-a4c5b
Convert 5cab (base 16) to base 9.
35478
3056753 (base 11) to base 2
10100100101100100101011
What is 10b8b7 (base 13) in base 14?
a4946
Convert -220112231030 (base 4) to base 2.
-101000010110101101001100
-11101101000110100111 (base 2) to base 15
-142b50
-398570 (base 15) to base 5
-1201340410
What is -1101111011000001110 (base 2) in base 10?
-456206
Convert -10010111100101011101 (base 2) to base 7.
-5164120
245150 (base 8) to base 16
14a68
What is -6217054 (base 8) in base 2?
-110010001111000101100
Convert -2293 (base 12) to base 5.
-110410
Convert -1100011012011 (base 3) to base 4.
-2231233123
Convert -12a85 (base 12) to base 5.
-1310413
Convert 112112111211 (base 3) to base 11.
185a89
332236 (base 7) to base 15
124aa
2513321 (base 7) to base 2
1001110110101101101
3859 (base 10) to base 5
110414
10430140 (base 5) to base 10
92545
Convert 1a073 (base 11) to base 7.
144503
1ccf00 (base 16) to base 15
27461a
-18f87 (base 16) to base 7
-604122
What is -20031323323 (base 4) in base 9?
-4043044
Convert 110002032101 (base 4) to base 12.
1913415
What is -8dba5 (base 14) in base 8?
-1242325
434666 (base 10) to base 4
1222013222
What is 89ec6 (base 15) in base 2?
1101011000110110111
Convert -1430674 (base 10) to base 11.
-897983
81581 (base 9) to base 5
3204240
Convert 36271063 (base 8) to base 4.
132113020303
What is 542410220 (base 6) in base 4?
210302121210
Convert -115286 (base 9) to base 11.
-48238
-11212201022021 (base 3) to base 12
-a50397
What is -5012113 (base 9) in base 7?
-31440414
What is -111002010121 (base 3) in base 4?
-332312122
15315552 (base 6) to base 2
10000011100111111100
26664124 (base 7) to base 8
11327443
Convert 212103022 (base 4) to base 11.
a7953
de26 (base 16) to base 2
1101111000100110
Convert -11e110 (base 16) to base 12.
-486100
What is 3431a6 (base 13) in base 2?
100101101100001001011
Convert -a6c34c (base 13) to base 3.
-21100201012102
37e4 (base 16) to base 11
a828
Convert 150111 (base 6) to base 3.
201121121
Convert -279243 (base 14) to base 9.
-2516786
What is -8c8c3f (base 16) in base 6?
-525231131
35ab0 (base 16) to base 14
5a17a
What is -132d8d1 (base 15) in base 11?
-7887083
22379 (base 11) to base 8
77211
633b0a (base 13) to base 12
93b839
What is 393a17 (base 15) in base 13?
751c51
Convert -1232544 (base 6) to base 3.
-10101112201
What is -96026 (base 11) in base 8?
-421007
What is 326076 (base 13) in base 10?
1184280
Convert 566b85 (base 13) to base 3.
10211210102222
What is -c793b (base 13) in base 6?
-11413110
1db82a (base 16) to base 11
1110368
Convert 1422415 (base 6) to base 11.
558a1
-3325254 (base 6) to base 5
-20321244
Convert 1481357 (base 11) to base 14.
49d9c5
Convert -1254717 (base 14) to base 9.
-17516481
Convert 3542353 (base 6) to base 10.
184605
Convert -9cd62 (base 14) to base 3.
-201101001110
Convert -1001214140 (base 6) to base 14.
-14c0176
Convert 7106714 (base 8) to base 15.
26e6dd
Convert 256506 (base 12) to base 10.
612438
Convert 171a866 (base 12) to base 3.
22222012011120
Convert -567360 (base 9) to base 2.
-1010011000000101011
Convert -93c63 (base 13) to base 11.
-171730
Convert -3736215 (base 8) to base 2.
-11111011110010001101
Convert -1880475 (base 13) to base 7.
-125136423
102414141 (base 7) to base 13
1347519
What is -1354646 (base 9) in base 11?
-469675
What is -20115465 (base 7) in base 3?
-10010202102010
Convert -56138 (base 9) to base 8.
-110657
153105 (base 8) to base 15
113bd
1987707 (base 10) to base 14
39a551
Convert 5162932 (base 10) to base 8.
23543664
-152146 (base 8) to base 7
-314345
What is -314012003 (base 5) in base 14?
-2628ca
Convert -70438 (base 13) to base 8.
-607712
20621 (base 7) to base 6
35355
What is -20051 (base 13) in base 11?
-39a6a
What is -13a240 (base 15) in base 6?
-32133210
382211 (base 9) to base 12
b1a01
aa26 (base 14) to base 8
71372
What is 145905 (base 10) in base 13?
51546
-3432519 (base 10) to base 9
-6411470
What is -57482 (base 13) in base 15?
-3217b
aa271 (base 13) to base 6
10333550
What is -2020045 (base 7) in base 14?
-63725
-390592 (base 14) to base 8
-7364604
Convert 1010100111110100100000 (base 2) to base 16.
2a7d20
1014251 (base 9) to base 11
33a613
What is 1464204 (base 8) in base 2?
1100110100010000100
What is -22212002 (base 7) in base 2?
-111010100100001101111
What is 10053643 (base 7) in base 11?
521860
42254433 (base 6) to base 15
1963cc
-1005785 (base 14) to base 16
-731fa9
What is -1245030 (base 6) in base 8?
-205612
-122130120002 (base 4) to base 9
-14034778
What is 131155 (base 6) in base 11?
8a85
Convert 3063161 (base 7) to base 14.
983d8
-1511016 (base 8) to base 13
-120cc7
What is 51305434 (base 6) in base 5?
334032120
-3cdca5 (base 15) to base 2
-1011001011111010000011
Convert 112210211220011 (base 3) to base 10.
7870207
Convert -663231 (base 7) to base 5.
-12211042
What is 679b89 (base 14) in base 11?
1a96832
15127a (base 11) to base 10
235916
What is 1208551 (base 9) in base 4?
2200013032
-13a841c (base 13) to base 5
-3044311300
-3513620 (base 7) to base 3
-211101112222
What is 52b85 (base 12) in base 8?
324425
Convert 332221231 (base 4) to base 13.
8ca61
66c9c (base 16) to base 6
13005100
Convert -1222201223 (base 5) to base 10.
-2928313
Convert -58172 (base 10) to base 7.
-331412
-102322